5405 is divided by 877.
849
What is the remainder when 291510 is divided by 845?
830
What is the remainder when 91147 is divided by 91098?
49
What is the remainder when 80374 is divided by 29?
15
What is the remainder when 148747 is divided by 3914?
15
What is the remainder when 70531 is divided by 6?
1
What is the remainder when 3958 is divided by 1977?
4
What is the remainder when 1806 is divided by 431?
82
What is the remainder when 609023 is divided by 104?
103
Calculate the remainder when 9498 is divided by 43.
38
Calculate the remainder when 19918 is divided by 9950.
18
Calculate the remainder when 32199 is divided by 35.
34
What is the remainder when 17738 is divided by 47?
19
What is the remainder when 233183 is divided by 313?
311
What is the remainder when 229760 is divided by 441?
440
Calculate the remainder when 18959 is divided by 23.
7
Calculate the remainder when 27586 is divided by 242.
240
Calculate the remainder when 12929 is divided by 507.
254
What is the remainder when 77736 is divided by 269?
264
What is the remainder when 92335 is divided by 109?
12
What is the remainder when 25355 is divided by 16?
11
What is the remainder when 9304 is divided by 39?
22
Calculate the remainder when 133039 is divided by 9502.
11
Calculate the remainder when 24983 is divided by 36.
35
Calculate the remainder when 48597 is divided by 1872.
1797
What is the remainder when 11514 is divided by 2767?
446
What is the remainder when 14905 is divided by 7?
2
What is the remainder when 497674 is divided by 38?
26
What is the remainder when 19093 is divided by 1550?
493
Calculate the remainder when 172760 is divided by 919.
907
Calculate the remainder when 17856 is divided by 238.
6
What is the remainder when 23019 is divided by 144?
123
Calculate the remainder when 42017 is divided by 58.
25
Calculate the remainder when 3975 is divided by 299.
88
What is the remainder when 3044 is divided by 64?
36
Calculate the remainder when 11768 is divided by 735.
8
Calculate the remainder when 33163 is divided by 8283.
31
Calculate the remainder when 88084 is divided by 117.
100
Calculate the remainder when 272367 is divided by 105.
102
Calculate the remainder when 143929 is divided by 104.
97
Calculate the remainder when 16303 is divided by 959.
0
What is the remainder when 6595 is divided by 61?
7
Calculate the remainder when 522409 is divided by 124.
121
Calculate the remainder when 13683 is divided by 56.
19
Calculate the remainder when 47631 is divided by 1253.
17
What is the remainder when 56250 is divided by 49?
47
Calculate the remainder when 560029 is divided by 176.
173
Calculate the remainder when 1745 is divided by 199.
153
Calculate the remainder when 182771 is divided by 18.
17
Calculate the remainder when 158804 is divided by 22684.
16
What is the remainder when 2400 is divided by 14?
6
What is the remainder when 87064 is divided by 309?
235
What is the remainder when 10366 is divided by 41?
34
Calculate the remainder when 2217 is divided by 735.
12
Calculate the remainder when 468962 is divided by 21.
11
What is the remainder when 4145 is divided by 827?
10
What is the remainder when 24067 is divided by 321?
313
Calculate the remainder when 11384 is divided by 2842.
16
Calculate the remainder when 428931 is divided by 2451.
6
What is the remainder when 568 is divided by 412?
156
Calculate the remainder when 8024 is divided by 217.
212
What is the remainder when 4593 is divided by 129?
78
Calculate the remainder when 17757 is divided by 887.
17
Calculate the remainder when 2625 is divided by 656.
1
What is the remainder when 107230 is divided by 70?
60
Calculate the remainder when 448 is divided by 410.
38
Calculate the remainder when 33062 is divided by 4721.
15
Calculate the remainder when 10664 is divided by 105.
59
Calculate the remainder when 30526 is divided by 569.
369
Calculate the remainder when 1941 is divided by 9.
6
What is the remainder when 4678771 is divided by 79?
75
What is the remainder when 1539 is divided by 1359?
180
Calculate the remainder when 290785 is divided by 21.
19
What is the remainder when 43513 is divided by 489?
481
Calculate the remainder when 36284 is divided by 117.
14
What is the remainder when 11060 is divided by 40?
20
Calculate the remainder when 7069 is divided by 10.
9
Calculate the remainder when 381695 is divided by 5022.
23
What is the remainder when 7619 is divided by 2514?
77
What is the remainder when 1442 is divided by 527?
388
Calculate the remainder when 1889 is divided by 76.
65
Calculate the remainder when 4444115 is divided by 236.
235
Calculate the remainder when 1097 is divided by 157.
155
What is the remainder when 232416 is divided by 338?
210
Calculate the remainder when 3526 is divided by 1742.
42
Calculate the remainder when 126521 is divided by 452.
413
Calculate the remainder when 15437 is divided by 190.
47
What is the remainder when 237068 is divided by 264?
260
What is the remainder when 2658184 is divided by 13?
9
Calculate the remainder when 82760 is divided by 48.
8
Calculate the remainder when 21157 is divided by 48.
37
Calculate the remainder when 1925 is divided by 114.
101
Calculate the remainder when 59163 is divided by 11.
5
What is the remainder when 6487 is divided by 3216?
55
What is the remainder when 51250 is divided by 3203?
2
What is the remainder when 48369 is divided by 83?
63
What is the remainder when 117548 is divided by 357?
95
Calculate the remainder when 9034 is divided by 311.
15
What is the remainder when 228301 is divided by 203?
129
What is the remainder when 58029 is divided by 279?
276
Calculate the remainder when 1321 is divided by 808.
513
What is the remainder when 44775 is divided by 533?
3
What is the remainder when 1102 is divided by 6?
4
What is the remainder when 3923 is divided by 3915?
8
What is the remainder when 184463 is divided by 20?
3
Calculate the remainder when 843 is divided by 229.
156
What is the remainder when 137251 is divided by 13?
10
Calculate the remainder when 160344 is divided by 71.
26
Calculate the remainder when 568 is divided by 52.
48
What is the remainder when 412512 is divided by 21710?
22
Calculate the remainder when 12807 is divided by 134.
77
Calculate the remainder when 2274 is divided by 207.
204
What is the remainder when 188647 is divided by 81?
79
What is the remainder when 544301 is divided by 66?
65
Calculate the remainder when 1301775 is divided by 28.
27
What is the remainder when 895 is divided by 440?
15
What is the remainder when 25878 is divided by 43?
35
Calculate the remainder when 12928 is divided by 11.
3
Calculate the remainder when 4807 is divided by 295.
87
What is the remainder when 1401 is divided by 63?
15
Calculate the remainder when 2999 is divided by 376.
367
What is the remainder when 5721 is divided by 1300?
521
Calculate the remainder when 845 is divided by 364.
117
Calculate the remainder when 1711 is divided by 175.
136
Calculate the remainder when 32849 is divided by 219.
218
Calculate the remainder when 9819 is divided by 3246.
81
What is the remainder when 137410 is divided by 131?
122
What is the remainder when 15095 is divided by 408?
407
What is the remainder when 43549 is divided by 4?
1
What is the remainder when 10805 is divided by 5400?
5
What is the remainder when 2714 is divided by 44?
30
What is the remainder when 172863 is divided by 1879?
1874
Calculate the remainder when 32821 is divided by 16384.
53
Calculate the remainder when 30975 is divided by 7739.
19
What is the remainder when 4905 is divided by 2401?
103
What is the remainder when 5777 is divided by 1443?
5
Calculate the remainder when 259010 is divided by 293.
291
What is the remainder when 1185 is divided by 299?
288
Calculate the remainder when 1017 is divided by 518.
499
What is the remainder when 58 is divided by 47?
11
Calculate the remainder when 42980 is divided by 20.
0
Calculate the remainder when 1060299 is divided by 122.
119
What is the remainder when 597040 is divided by 738?
736
What is the remainder when 973506 is divided by 453?
9
Calculate the remainder when 361037 is divided by 147.
5
Calculate the remainder when 7822 is divided by 124.
10
What is the remainder when 15146 is divided b